 o(s) = s**3 + 36*s**2 + 25*s - 350. Give o(-35).
0
Let i(a) = -649*a - 15466. Determine i(-24).
110
Let j(x) = -26*x + 867. What is j(33)?
9
Let m(l) = -l**2 + 40*l + 53. Give m(37).
164
Let k(o) = -8*o**3 - 268*o**2 + 140*o + 148. Calculate k(-34).
12
Let f(j) = -10*j - 110. Give f(-12).
10
Let a(y) = -y**2 + 31*y + 304. Give a(-8).
-8
Let l(y) = -575*y - 2904. Calculate l(-5).
-29
Let b(x) = -x**3 + 47*x**2 + 94*x + 147. What is b(49)?
-49
Let v(t) = -t**2 - 254*t - 2433. Give v(-10).
7
Let j(v) = v**3 - 11*v**2 + 106*v - 1710. Calculate j(13).
6
Let j(s) = -60*s**2 - 177*s + 15. Calculate j(-3).
6
Let j(t) = t**3 - 8*t**2 - t - 19. What is j(5)?
-99
Let z(n) = 14759*n + 118073. Calculate z(-8).
1
Let z(p) = -p**2 + 11*p - 55. Give z(4).
-27
Let g(p) = 17*p**2 - 119*p - 13. Give g(7).
-13
Let m(v) = -33*v**2 + 2079*v + 56. Determine m(63).
56
Let n(m) = 3*m**3 + 207*m**2 - 4*m - 286. What is n(-69)?
-10
Let i(o) = -o**3 + 72*o**2 - 73*o + 122. Calculate i(71).
-20
Let y(a) = -a**3 - 20*a**2 + 27*a - 964. What is y(-23)?
2
Let v(z) = 29*z - 2024. What is v(68)?
-52
Let x(h) = -h**3 - h**2 - 6*h - 27. Calculate x(-3).
9
Let k(z) = -65*z - 195. Determine k(-3).
0
Let o(m) = 178*m + 1245. Calculate o(-7).
-1
Let r(o) = -3199*o - 3197. What is r(-1)?
2
Let z(a) = -a**3 + 59*a**2 - 657*a - 50. Give z(15).
-5
Let s(p) = -134*p - 2017. Determine s(-15).
-7
Let n(g) = 2*g**2 - 15*g - 306. Calculate n(0).
-306
Let f(m) = 8*m**3 + 77*m**2 - 17*m - 68. Give f(-9).
490
Let t(g) = g**2 - 92*g + 608. Calculate t(85).
13
Let n(q) = -4*q**2 + 53*q - 155. Determine n(4).
-7
Let w(x) = 2*x**2 + 23*x - 143. What is w(-12)?
-131
Let a(v) = -8*v**2 - 142*v - 82. What is a(-17)?
20
Let x(q) = -61*q + 11. Calculate x(-1).
72
Let h(n) = -103*n + 102. Calculate h(1).
-1
Let w(i) = -96*i**3 - i**2 + i. Calculate w(1).
-96
Let p(g) = 581*g - 8137. Determine p(14).
-3
Let r(l) = 4*l**3 - 122*l**2 + 60*l - 11. Calculate r(30).
-11
Let z(m) = -m**3 - 20*m**2 + 35*m + 76. Determine z(-22).
274
Let b(g) = g**2 + 10*g - 670. Determine b(-32).
34
Let w(t) = 312*t + 2308. Give w(-7).
124
Let k(s) = 41*s + 107. Give k(4).
271
Let x(a) = -37*a - 1476. Give x(-27).
-477
Let r(b) = 532*b + 6687. Calculate r(-13).
-229
Let y(r) = 3*r**2 - 27*r + 51. Determine y(3).
-3
Let a(f) = -3*f**2 - 43*f + 414. Give a(-21).
-6
Let d(g) = g**3 - 23*g**2 - 246*g - 57. Give d(31).
5
Let z(j) = 60093*j - 360555. Give z(6).
3
Let h(t) = -51*t**2 + 63*t + 251. What is h(-4)?
-817
Let i(m) = m**3 - 176*m**2 - 1281*m - 10. Determine i(-7).
-10
Let h(y) = y**3 - 14*y**2 + 35*y + 10. Calculate h(11).
32
Let v(u) = 2*u**2 + 39*u - 59. Calculate v(-22).
51
Let d(j) = 407*j - 2435. What is d(6)?
7
Let o(l) = -481*l + 966. What is o(2)?
4
Let s(d) = d**2 + 59*d + 257. Calculate s(-54).
-13
Let f(v) = 64*v + 1098. Determine f(-17).
10
Let c(q) = -q**3 + 12*q**2 - 22*q + 13. Determine c(10).
-7
Let f(i) = 124*i**2 - 371*i + 4. What is f(3)?
7
Let w(x) = 405*x**2 + 19*x + 15. Give w(-1).
401
Let i(v) = -1192*v + 2402. Calculate i(2).
18
Let w(o) = -10*o + 28. Determine w(-4).
68
Let w(j) = -j**3 + 14*j**2 + 82*j + 24. Calculate w(18).
204
Let s(f) = 9*f**2 + 110*f - 96. Determine s(-13).
-5
Let o(f) = -f**3 - 4*f**2 + 34*f + 143. What is o(-4)?
7
Let x(y) = 6*y + 4. Determine x(10).
64
Let n(j) = j**2 - 47*j + 165. What is n(4)?
-7
Let p(o) = 31*o + 3870. Determine p(-125).
-5
Let h(z) = -z**2 + 67*z - 568. Give h(57).
2
Let j(f) = 4*f**3 - 29*f**2 - 541*f + 3832. What is j(7)?
-4
Let q(l) = -l**3 + 36*l**2 - 30*l. Give q(35).
175
Let s(n) = 6*n**3 - n**2 - 3. Give s(5).
722
Let c(t) = 2*t**2 + 161*t - 22. Give c(-81).
59
Let m(d) = -3*d**2 - 458*d - 10184. Give m(-27).
-5
Let j(u) = -u**3 + 2*u**2 + 13*u + 21. Calculate j(-2).
11
Let k(w) = 3*w**2 + 309*w + 4985. Calculate k(-83).
5
Let b(c) = -c**2 - 1134*c + 6839. Calculate b(6).
-1
Let q(b) = -b**3 + 7*b**2 + 34*b + 37. Give q(11).
-73
Let q(z) = z**3 + 41*z**2 + 150*z + 13. What is q(-37)?
-61
Let t(b) = b**3 - 42*b**2 + 52*b - 458. Calculate t(41).
-7
Let z(c) = 160*c + 646. Calculate z(-4).
6
Let d(t) = -t**3 - 13*t**2 + 16*t - 37. Give d(-14).
-65
Let j(o) = 3*o**3 + 676*o**2 - 452*o - 13. Give j(-226).
-13
Let f(z) = -z**2 - 121*z + 657. Calculate f(-126).
27
Let g(a) = 4*a**2 - 21*a + 79. Calculate g(7).
128
Let x(c) = -c**3 - 33*c**2 + 18*c - 551. What is x(-34)?
-7
Let m(p) = p**2 - 17*p + 21. What is m(15)?
-9
Let b(m) = 6*m**2 - 4*m - 259. Give b(7).
7
Let q(c) = -37*c - 1440. Give q(-26).
-478
Let g(p) = p**2 - 59*p + 534. Determine g(47).
-30
Let s(f) = 78*f**2 - 17*f - 17. Calculate s(-1).
78
Let c(y) = -207*y + 1247. Determine c(6).
5
Let m(f) = f**3 - 4*f**2 + 96*f - 482. Give m(5).
23
Let o(i) = 6*i**2 + 36*i - 4. Calculate o(0).
-4
Let i(r) = 67*r + 556. Calculate i(-10).
-114
Let w(d) = -586*d**2 + 6444*d + 26. Calculate w(11).
4
Let j(g) = -54*g + 26. Give j(-2).
134
Let j(k) = k**3 + 16*k**2 + 22. Determine j(-5).
297
Let a(q) = 2*q**3 - 242*q**2 - 15. Calculate a(121).
-15
Let g(v) = 6*v**2 + 122*v + 529. Calculate g(-14).
-3
Let q(b) = 4*b**3 + 143*b**2 + 1279*b + 21. What is q(-18)?
3
Let z(w) = -4*w**3 - 3*w**2 - 5*w - 5. Calculate z(-4).
223
Let z(w) = 137*w + 139. Give z(-1).
2
Let x(a) = -2647*a + 26477. Determine x(10).
7
Let y(i) = -i**3 - 5*i**2 + 35*i + 48. What is y(-9)?
57
Let z(c) = 641*c - 119. What is z(-1)?
-760
Let a(l) = 1136*l - 12500. What is a(11)?
-4
Let r(l) = l**2 + 70*l + 2. Determine r(-70).
2
Let n(q) = -28*q - 1832. Give n(-46).
-544
Let o(q) = 3*q**3 - 16*q**2 + 42*q - 292. What is o(6)?
32
Let s(p) = -5*p**2 - 563*p - 13982. Give s(-37).
4
Let v(k) = -49*k + 1178. Calculate v(25).
-47
Let l(m) = -5527*m + 38647. Give l(7).
-42
Let u(v) = 4*v**2 + 226*v + 135. Determine u(-56).
23
Let f(m) = -3*m**2 - 104*m + 57. Give f(-35).
22
Let y(i) = -28*i + 406. Determine y(12).
70
Let k(z) = z + 13. Calculate k(-10).
3
Let i(v) = v**3 + 45*v**2 + 227*v - 274. Give i(-39).
-1
Let g(x) = 6*x**2 - 98*x - 637. Calculate g(-8).
531
Let w(o) = -o**2 - 50*o - 711. What is w(-25)?
-86
Let p(b) = -b**3 - 87*b**2 - 1873*b - 41. Calculate p(-48).
7
Let o(x) = -x**2 + 65*x + 1902. Determine o(-22).
-12
Let f(n) = -3*n**3 - 27*n**2 + 16*n + 144. Determine f(-9).
0
Let q(m) = m**3 + 45*m**2 + 498*m + 71. Calculate q(-19).
-5
Let f(o) = -39*o**2 - 3*o - 2. Give f(-2).
-152
Let b(z) = 495*z - 5440. What is b(11)?
5
Let g(d) = -4*d**3 + d**2 + 8*d + 10. Give g(3).
-65
Let l(o) = 15*o + 403. Determine l(12).
583
Let w(v) = -2*v**2 - 238*v + 1004. Determine w(-123).
20
Let f(n) = -n**3 - 27*n**2 + 66*n - 2. Determine f(-29).
-234
Let d(o) = -6*o**3 + 11*o**2 - 5*o + 3. What is d(2)?
-11
Let s(z) = z**3 + 12*z**2 - 50*z - 483. Calculate s(-13).
-2
Let u(j) = 3*j**2 + 6*j - 62. Give u(-9).
127
Let v(l) = -24*l + 270. Determine v(13).
-42
Let k(o) = -4*o**3 - 16*o**2 + 49*o + 18. Calculate k(-6).
12
Let n(o) = 13*o + 119. Determine n(6).
197
Let k(q) = 1216*q + 50. Calculate k(0).
50
Let s(q) = 232*q + 4420. Give s(-19).
12
Let u(v) = 7*v**3 + 17*v**2 + 25*v + 18. Calculate u(-1).
3
Let w(n) = 11*n**2 - 63*n + 46. Determine w(5).
6
Let b(a) = -167*a + 311. What is b(0)?
311
Let c(i) = i**3 - 32*i**2 - 122*i + 618. Calculate c(35).
23
Let r(s) = 46*s - 3690. Calculate r(82).
82
Let i(v) = 15*v - 108. Determine i(4).
-48
Let n(j) = -j**3 + 51*j**2 - 11*j + 465. Determine n(51).
-96
Let f(l) = -33*l**2 - 336*l - 63. Determine f(-10).
-3
Let g(p) = 2*p**2 - 11*p + 143. Calculate g(-15).
758
Let s(d) = -d**3 - 2*d**2 + 18*d + 21. What is s(-6)?
57
Let z(l) = -l**2 - 17*l + 349. Give z(12).
1
Let a(t) = -73*t + 3345. Calculate a(46).
-13
Let t(q) = 258*q - 552. Determine t(2).
-36
Let y(m) = -13*m**2 - 133*m + 14. Determine y(-12).
-262
Let p(z) = 3*z**3 + 2*z**2 + 55*z + 225. Calculate p(-4).
-155
Let h(m) = 54*m + 1028. Give h(-19).
2
Let t(p) = -8*p + 47. Give t(16).
-81
Let q(l) = -55*l + 423. Determine q(7).
38
Let i(s) = s**3 - 5*s**2 - 49*s - 15. Give i(10).
-5
Let t(q) = -2*q**3 + 57*q**2 - 217*q + 49. Give t(24).
25
Let d(v) = v**2 - 24*v + 85. Determine d(23).
62
Let r(h) = h**2 - 30*h - 49. Give r(-7).
210
Let u(a) = 343*a**2 + 422*a - 421. Give u(1).
344
Let r(g) = -g**3 - 118*g**2 - 13*g - 1526. Determine r(-118).
8
Let r(k